**2 - 92 - 3*b. Calculate k(-6).
11
Let j(q) be the first derivative of -q**4/4 + 2*q**3 - q**2/2 - 1. Let b be (-15)/3 + (2 - 0) + 6. Suppose -b*p - 13*p = -48. Give j(p).
24
Let j = 20583 - 20582. Let m(l) = -11*l**3 - 2*l + 2. Determine m(j).
-11
Suppose 13*y = -2*y + 45. Suppose 0 = 2*k - 5*r - 12, -5*r = 5*k - y*r - 1. Let z(f) = 3 - 5*f - k - 1 + 20*f. Calculate z(1).
16
Let g be (0 - 2/3)/((-203)/1218). Let b(n) = -11*n + 51. Calculate b(g).
7
Let q(v) = -7*v - 452. Let w(h) = -7*h - 316. Let f(l) = 2*q(l) - 3*w(l). Determine f(-18).
-82
Let k(b) = 21*b**2 + b. Let d be (-24)/((-99)/36 - -2). Suppose -43 + 11 = -d*u. Give k(u).
22
Let l = -20 - -14. Let q(j) be the second derivative of j**4/12 + 2*j**3/3 - 2*j**2 + 2*j + 40. Determine q(l).
8
Let f(d) be the second derivative of d**4/4 - 13*d**3/6 - 4*d**2 - d - 64. Let b(i) = -8*i**2 + 27*i + 15. Let m(r) = 2*b(r) + 5*f(r). Determine m(-8).
14
Let v(g) = -g**2 + 13*g + 19. Suppose 0 = 23*x - 177 - 168. Calculate v(x).
-11
Let m be (-715)/121 + 0 - -6*4/(-264). Let w(v) = v**3 + 5*v**2 + 12*v + 6. Determine w(m).
-102
Let p(t) = -t**2 + 19*t + 149. Let n be p(-6). Let l(h) = 18*h**3 - 2*h**2 + h + 2. Give l(n).
-19
Let u(p) = 5*p - 54. Let o(h) = 94*h + 3122. Let g be o(-33). Give u(g).
46
Let s(n) = -2*n**3 + 6*n**2 - 8*n - 4. Let m be (-5)/(-2) + (228/(-152))/(-2 + -1). Determine s(m).
-28
Let f(y) = -y**3 + 8*y**2 - 3*y + 6. Suppose 19 + 21 = 5*m. Suppose -4*d - m = -t, -4*t + 2*d - 18 + 50 = 0. Give f(t).
-18
Let s be (6/21)/((-36)/(-882)). Let m(d) = -2*d - 8. What is m(s)?
-22
Let o(w) = 10*w**2 - 304*w + 203. Let c(x) = -x**2 + 37*x - 2. Let g(t) = 9*c(t) + o(t). What is g(-9)?
5
Let j(f) = f**2 - 40*f - 679. Let x be j(53). Let b(m) = m**2 - 16*m + 42. Determine b(x).
-18
Let u(y) = y**3 + 8*y**2 + 4*y + 2. Let c = -23700 + 23693. Determine u(c).
23
Let u = 142 - 142. Let h(p) = u - 12 - 14*p + 1 + 0*p**2 - p**2. Determine h(-13).
2
Let q(s) = 6*s + 2. Suppose 32 = -3*i + 35. Suppose 22 = 7*k + i. Suppose 13 = -0*w - k*w + 4*n, 4*w + 4*n = -8. What is q(w)?
-16
Let g(o) = o**3 - 9*o + 36. Let l be g(4). Suppose 14*y + l - 8 = 0. Let k(s) = s**3 + 3*s**2 - s + 3. What is k(y)?
-9
Let g = -18 + 21. Let z be g - 0*1/(-4). Let i(j) = -z*j + 2*j - 2*j - 2 - 2. Give i(-3).
5
Let o(n) = -60*n - 896. Let p be o(-15). Let z(u) be the first derivative of 1/3*u**3 + 3*u - 1 - 3/2*u**2. What is z(p)?
7
Let z(h) = -h**2 + h + 1. Suppose l = -2*p + 10, 2*l - 5*l - 4*p + 40 = 0. Suppose 20 - l = -v. What is z(v)?
1
Let l(d) = 2*d**2 + 32*d - 9. Let u(y) = -y**3 + 42*y**2 + 51*y - 360. Let h be u(43). Give l(h).
-9
Let m be 44*2/20 - (-3)/5. Let d(u) = u**3 - m*u + 343*u**2 - 340*u**2 + 2*u. Give d(-4).
-4
Let c(b) = 4*b - 17. Suppose 5*f + 11 = -2*l, 3*f + 12*l - 10*l = -9. Let w(i) = i - 3. Let d(z) = f*c(z) + 5*w(z). Calculate d(-8).
-6
Let j(g) = -g**3 - 4*g**2 - 4*g + 4. Let d(l) = 3*l**3 + 11*l**2 + 11*l - 11. Suppose -19*c + 14*c = -85. Let h(s) = c*j(s) + 6*d(s). Calculate h(-2).
-10
Let j(p) = 19*p**3 - 2*p**2 + 36*p - 20. Let d(w) = -10*w**3 + w**2 - 21*w + 12. Let l(x) = 5*d(x) + 3*j(x). Give l(-2).
-66
Let u = -2251 - -2245. Let z(p) = 9*p + 20. Calculate z(u).
-34
Let k(r) = -12*r + 3. Let n = -137 + -79. Let d = 218 + n. Determine k(d).
-21
Let h = 10799 + -10803. Let n(g) = 119*g + 477. Give n(h).
1
Suppose 0 = -34*x - 10*x - 0*x + 176. Let q(p) be the second derivative of 0*p**3 + 10*p + 0 + 1/2*p**2 - 11/6*p**x. What is q(1)?
-21
Let m(d) = 82*d - 34 - 219 - 116 + 47. What is m(4)?
6
Suppose -3*x = -3*i - 73 + 7, -2*i = 2*x + 48. Let s = 23 + i. Let l(p) = -p**2 + 4*p**2 + p - 9 - 4*p**2. Determine l(s).
-9
Let q(u) = -u**2 + 5*u + 3. Let r(d) = 3*d**2 - 15*d - 10. Let o(a) = 7*q(a) + 2*r(a). Let j = -8970 - -8975. Determine o(j).
1
Suppose -2*o - 328 = 4*k, -k + 442 = -3*o + 3*k. Let s = 156 + o. Suppose -s*f = -16*f - 28. Let x(j) = 2*j + 1. Give x(f).
-3
Let o(f) = f + 2. Let i be 5/(45/(-2)) - 1221/(-27). Let p = 50 - i. Suppose 0 = 7*m + 19 - p. What is o(m)?
0
Suppose 0*o = 32*o + 3*o + 560. Let z(h) = -3*h - 61. Determine z(o).
-13
Let k(p) = 2*p**3 - 3*p**2 + 2*p. Suppose 4*j + f + 2 = 0, -527*j - 28 = -522*j - 3*f. Give k(j).
-32
Suppose -30 = p + 4*h, -22*h + 21*h = p + 24. Let a(o) = -o**3 - 22*o**2 + o + 32. Give a(p).
10
Let y = -2 + 1. Let o(v) = -7328*v - 144 + 14654*v + 145 - 7327*v. Calculate o(y).
2
Suppose 18*u = 4*u - 2590. Let m = u - -186. Let o(t) be the first derivative of 7*t**2/2 - t + 2. Calculate o(m).
6
Let h(o) = -46*o + 12. Let w(k) = 214*k - 63. Let u(b) = 14*h(b) + 3*w(b). Determine u(0).
-21
Let q(j) = -j**2 - 13*j + 1. Let v(l) = -9*l**3 + 8*l - 7. Let c be v(1). Determine q(c).
41
Suppose 3*r - 9 = 5*s - 105, 3*s - 4*r = 62. Let v(a) = -a**3 + 18*a**2 + a - 38. Determine v(s).
-20
Let t(z) be the second derivative of z**4/6 + 7*z**3/6 + 5*z**2/2 - 4*z. Let a = 371 - 375. Determine t(a).
9
Suppose -207*c = -164*c + 602. Let z(j) = j**2 + 13*j - 14. Give z(c).
0
Suppose 41*j = 46*j, -5*w = 5*j + 45. Let l(f) = -f + 16. Give l(w).
25
Let s = 11249 - 11251. Let c(u) = 3*u**3 + 2*u**2 - 2*u - 5. Determine c(s).
-17
Let o(t) be the second derivative of -t**3/6 + t**2 + 1644*t. What is o(16)?
-14
Let a(y) be the second derivative of 43*y + 1/6*y**3 + 6*y**2 + 0. What is a(-12)?
0
Let y(l) = l**2 + l - 1. Let k(g) = 5*g**2 + 5*g - 4. Let s(r) = -2*k(r) + 11*y(r). Let q = -151 - -147. Give s(q).
9
Let b(i) = -i**3 + 5*i**2 - i - 1. Let v(y) = -9*y - 63. Let d be v(-7). Suppose -3*u + d = -12. Calculate b(u).
11
Let p(i) = 66*i - 6 + 14 - 37*i - 28*i. Let s be 64/(-8)*6/8. Give p(s).
2
Suppose -199*j = -200*j + 16. Let f be (-7 + 6)/((-2)/(j/(-2))). Let t(r) = r**3 + 2*r**2 - r + 5. What is t(f)?
-23
Let l = 2326 + -2323. Let g(r) = 2*r**3 - 3*r**2 - 4*r. What is g(l)?
15
Let y(p) = -p + 7. Let h(i) be the first derivative of -i**2/2 + 16*i + 11. Let f be h(6). Determine y(f).
-3
Let w(a) = -8*a**2 + 1. Let u(q) = 9*q + 44. Let v be u(-4). Let o be -2 + 22/v + (-12)/(-48). Give w(o).
-7
Suppose 3*z + 33 = -5*i, 4*i + 36 = 7*z - 11*z. Let w(a) = -2*a - 15. Let q(c) = 3*c + 22. Let x(s) = -5*q(s) - 7*w(s). Determine x(z).
1
Let t(r) = -4*r**2 + 12*r - 1. Let d(n) = -6*n**2 + 15*n - 1. Let u(b) = 3*d(b) - 4*t(b). Suppose 0 = -11*i + 5 + 17. What is u(i)?
-13
Let d = -9126 - -9112. Let w(g) = 8*g + 144. Give w(d).
32
Let v(p) = 3*p**2 - 17*p + 17. Let h(l) = -l**3 - 55*l**2 - 81*l - 1450. Let d be h(-54). Determine v(d).
73
Let o(d) = -d**3 + 8*d**2 + 5*d + 11. Let p(k) = k**2 + 2. Suppose -3*c + 14 = u, -5*c = -14*u + 12*u - 27. Let x(y) = u*o(y) + 5*p(y). Calculate x(4).
-5
Let u(h) = h**3 - 16 + 10*h**2 + 5*h + 4 + 0*h**2 - 11 - 4*h. Give u(-10).
-33
Let c(x) = x**2 + 9*x + 12. Let t(o) be the third derivative of -o**5/60 + o**4/4 + 7*o**3/6 - 148*o**2. Let z be t(-2). Calculate c(z).
12
Let o(u) be the first derivative of -u**2 - 17*u + 13. Let s = -44 + 35. Let t be o(s). Let q(r) = -2*r + 1. What is q(t)?
-1
Let u(d) = 1 - 5*d**3 + d - d - 3*d + d + 2*d**2. Let j be 4 - (1 + (2/6)/(21/126)). Calculate u(j).
-4
Suppose 5*d + s - 31 = 0, -79*s - 16 = -2*d - 83*s. Let f(x) = 3 - 1 - x - 2 + 1. What is f(d)?
-5
Let f = -416 + 418. Let h(s) be the first derivative of 0*s**f - 2*s - 1/4*s**4 - 1/3*s**3 - 7. Determine h(-2).
2
Let h(u) = u**3 - 18*u**2 - u + 3. Let y(x) = 2*x**3 - 32*x**2 - x + 6. Let d(f) = -7*h(f) + 4*y(f). Suppose 0 = -5*g + 25 - 5. Determine d(g).
47
Let k(b) = -566*b + 3963. Let i be k(7). Let g(j) = -59*j**3 - 3*j + 3. Calculate g(i).
-59
Let o(a) = -a**2 + 13*a - 31. Suppose 19*w - y = 17*w + 15, -7*w = 3*y - 20. Give o(w).
9
Let s(u) = 340 + 22*u - 1196 + 410 + 381 + u**2. Determine s(-25).
10
Suppose 5*y + 315 = 8*y. Let f(c) = 5*c**2 - 13*c + 12. Let g be f(1). Let p(a) = -2*a - 103 + y + g*a. Calculate p(2).
6
Let j be ((-168)/12 - -7) + 7. Let d(a) = 10*a - 5. Give d(j).
-5
Let l = 34 + -24. Suppose -c + 3*c = l. Suppose 24 = 2*w + q - c*q, 4 = -w - 2*q. Let k(p) = p - 2. Give k(w).
2
Let p(g) = g**3 + 4*g**2 - 2*g + 7. Let o be p(-4). Let r be 18/(-10)*(-50)/o. Let w(c) = 0*c**2 - c + c**3 - 5*c**2 + 4*c**2 - c - 5*c**2 + 5. Determine w(r).
-7
Let l(q) be the first derivative of q**4/4 - 8*q**3/3 - q + 8. Let u = -592 + 60